2. Calculate t(w).
2
Let s(d) = -d**2 + d - 1. Let b(x) = -7*x**2 + 14*x - 14. Let f(g) = -b(g) + 6*s(g). Let m be ((-2)/(-3))/((-2)/(-21)). Let l = -1 + m. Determine f(l).
-4
Let f(g) be the third derivative of -1/3*g**3 + 1/12*g**4 - 9*g**2 + 0*g + 0. What is f(-2)?
-6
Let c(r) = 9*r**3 + 2*r**2 - 1. Let m(d) = -6*d + 12. Let t be m(-5). Let z = -41 + t. Determine c(z).
10
Let n(u) = 14*u**3 + 2*u - 1. Suppose -10*p + 7*p + 84 = 0. Let z = p + -20. Suppose -2*h + z = 6. What is n(h)?
15
Suppose 0 = 3*f - 3*t - 6 + 3, -5*f = 2*t - 33. Let x(n) = -n**3 + 4*n**2 - 2*n + 5. Calculate x(f).
-30
Let b(h) = -h**2 - 12*h - 3. Let x(v) = -2*v**2 - 23*v - 5. Let t(a) = -5*b(a) + 3*x(a). Let k = 3615 - 3624. Determine t(k).
0
Let s(j) be the first derivative of -j**7/168 - j**5/120 + j**4/24 + 10*j**3/3 - 4. Let r(u) be the third derivative of s(u). Determine r(1).
-5
Let d(m) = -8*m - 4. Let i = -65 + 68. Calculate d(i).
-28
Let f(k) be the first derivative of -k**4/4 - 2*k**3/3 - 9*k - 7. Let x(t) = -t**2. Let i(d) = f(d) - 2*x(d). Let c be (3 - 1 - 2)/2. Calculate i(c).
-9
Let w be -1*3/((-6)/(-106)). Let h = 56 + w. Let o(i) = -i + 2. Determine o(h).
-1
Let x(g) be the first derivative of -2*g**2 + 18*g - 104. Give x(2).
10
Suppose -2*d = 2*g - 5*g, -4*d - 12 = -3*g. Let o(l) = -l**3 - 6*l**2 + 2*l - 3. Determine o(d).
-15
Suppose 5*g - f - 13 = -10, 2*f - 6 = -2*g. Let u(k) = -2*k**2 + 1. What is u(g)?
-1
Let j(n) = 11*n**2 + 28*n + 113. Let q(i) = -7*i**2 - 19*i - 75. Let h(x) = -5*j(x) - 8*q(x). Let c be h(-9). Let t(g) = g**3 - 9*g**2 + 6*g - 4. What is t(c)?
-20
Let u(v) be the third derivative of v**8/6720 - v**7/420 - v**5/60 - 2*v**4/3 - 17*v**2. Let g(q) be the second derivative of u(q). Calculate g(6).
-2
Let b(f) be the third derivative of -f**7/2520 - f**6/144 + f**5/40 - 5*f**4/12 - 9*f**2. Let d(h) be the second derivative of b(h). Calculate d(-4).
7
Let p = -621 - -616. Let u(r) = -3*r - 18. Give u(p).
-3
Let t(r) be the second derivative of -3*r**2 + 4*r + 1/2*r**3 + 0. Let n(j) = 3*j - 5. Let z(d) = -4*n(d) + 3*t(d). Determine z(-2).
8
Suppose s = -5*z - 5, 0 = 2*z - 3*s - 3 + 5. Let k(g) = -8*g. Determine k(z).
8
Let x be (2 - (-1 + -3))*22/(-66). Let b(l) = 4*l + 4. Determine b(x).
-4
Let y(g) = -4*g**3 - 5*g**2 + 6. Let r(c) = -3*c**3 - 5*c**2 - c + 5. Let x(h) = -3*r(h) + 2*y(h). Determine x(-4).
1
Let k(c) = -2*c**3 + 11*c**2 + 8*c - 10. Let m be k(6). Let z(u) = 5*u - 2. What is z(m)?
8
Let j(k) = k**2 + 4*k + 1. Suppose 69*a + 186 = 38*a. Calculate j(a).
13
Let r(m) = -m**3 - 6*m**2 + 5*m + 1. Let c(j) = -13*j + 188. Let a be c(15). What is r(a)?
15
Let k(j) = -j**2 + 20*j + 28. Let m be k(21). Let t(u) = u**2 - 5*u - 8. Determine t(m).
6
Suppose -2*b + 10 = -0. Suppose -5*g = b*c + 5, -5*c + 6*c = -5*g - 1. Let t(s) = 6*s**2 + 2*s + 1. Calculate t(c).
5
Let j(a) = a**2 - 2*a. Let v(l) be the first derivative of l**3/3 - 3*l**2/2 + 4. Let n(k) = -7*j(k) + 6*v(k). Determine n(-4).
0
Let g(p) = p**3 + p - 8. Suppose -3*j = 3*b - 3, -5*j - 2 = -6*j - 2*b. Determine g(j).
-8
Let v(i) be the first derivative of -i**2/2 - 9*i + 44. Determine v(-4).
-5
Let q(z) = 3*z - 8. Suppose 5*c + r + 57 = 0, -c - 5 = 3*r - 6*r. Let d = c + 15. Let s be q(d). Let n(k) = k**3 - 5*k**2 + 5*k + 1. Give n(s).
5
Let k be (-6)/2 + 1 - 0. Let n be k/8*0 - 1. Let s(d) = d**3 + 3*d**2 - 2*d**2 - 3*d + 4*d. What is s(n)?
-1
Let g(c) be the second derivative of c**4/12 - c**3/6 - 125*c + 1. Let d(z) = -z + 3. Let t be d(4). Calculate g(t).
2
Suppose 1 = -2*l + 9, -36 = -4*n - 2*l. Let m(d) = 0*d + d - n*d + 5*d**2. Let p(z) = z**2 - z - 1. Let h(i) = m(i) - 4*p(i). Give h(3).
7
Let z(i) = i**2 + 8. Let g = 248 + -251. Give z(g).
17
Suppose -2*i = 2*d - 0*d - 10, -i + 7 = 3*d. Let x(b) = 3*b - 8*b - 9 + i*b. Give x(-9).
0
Let d(k) = -8 - 9 + 21 - k. Determine d(10).
-6
Let h(f) = -2279*f**2 + 4 + 2277*f**2 - 2*f - 1 + f**3. Let r = -4 + 6. Determine h(r).
-1
Let m(b) = 3*b**3 - 6*b**2 - 2. Let j(f) = 3*f**3 - 7*f**2 - 1. Let i(u) = 2*j(u) - 3*m(u). What is i(3)?
-41
Let z(w) = w**3 + 8*w**2 - 9*w + 10. Suppose 6 = x + 3*f + 24, 2*x = 2*f - 12. Calculate z(x).
10
Let j(g) = -g**3 - 3*g**2 + 5*g - 3. Let m(w) = 4*w - 5. Let b be m(2). Suppose x + 5 = -q + 2, -5*x + 17 = -b*q. Calculate j(q).
-7
Let b = 4 + -3. Let j be 0*(-2 + 3) + b. Let q(d) = 0*d**2 - 7*d**3 - j + 0*d**2 + 0*d**2. Determine q(-1).
6
Let h be 2649 + (1/1 - -3). Let b(f) = h - 2653 - f**2. Calculate b(3).
-9
Let t = 362 + -8687/24. Let f(r) be the third derivative of 1/6*r**3 - 4*r**2 + 0 - t*r**4 + 0*r. Determine f(-1).
2
Suppose -14 = -s - 2*x, -15*s = -10*s - 4*x. Let h(u) = -3*u**2 + u + 2. Let j(a) = -5*a**2 + 2*a + 3. Let d(y) = -8*h(y) + 5*j(y). Determine d(s).
-9
Let y(m) = -m**2 - 10*m - 21. Suppose 0 = -39*q - 63 - 93. What is y(q)?
3
Let u be (1 - -2 - -1) + -1. Let c(b) = -b - u + 4 - b. Calculate c(3).
-5
Let r(d) = -6*d**2 - 7*d + 12. Let h(t) = 5*t**2 + 7*t - 10. Let o(z) = 7*h(z) + 6*r(z). Determine o(8).
-6
Let w(j) be the first derivative of -3 - 1/2*j**3 + 0*j - 3/2*j**2 + 7/24*j**4 - 1/60*j**5. Let x(o) be the second derivative of w(o). What is x(5)?
7
Let b(y) be the third derivative of y**4/24 - y**3/6 - 119*y**2. Let t(a) = -4 - 6*a**2 - a**3 - 2 - 2*a + a. Let f be t(-6). Determine b(f).
-1
Let z(o) = 8*o - 12. Let x(u) = -u**3 - 16*u**2 - 4*u - 59. Let h be x(-16). Calculate z(h).
28
Let t(n) = 3*n**3 - n**2 - 3. Let z(m) = -16*m**3 + 6*m**2 + 16. Let d(l) = -11*t(l) - 2*z(l). Determine d(-2).
5
Let r = 98 - 66. Let p = r + -32. Let b(k) = k**2 + k - 1. Determine b(p).
-1
Let b(l) = -16*l - 624 + 321 + l**2 + 306. Give b(16).
3
Let s(z) = 2*z - 17. Let b = 16 + -8. Let m be s(b). Let w(f) = 6*f**2 - 2*f - 1. What is w(m)?
7
Let w(z) = 7*z**3 - z**2 - 2*z + 2. Let u(c) = c**2 + 33*c + 91. Let r be u(-30). Calculate w(r).
6
Let t(m) = m**2 - 8*m + 5. Let i = -73 - -78. What is t(i)?
-10
Suppose 7*g + 28 = 3*g. Let q(k) be the second derivative of 0 - 4*k**2 - 1/12*k**4 + 6*k - 3/2*k**3. Give q(g).
6
Let r(q) = -3*q**2 + 5*q + 2. Let m be -5 + ((-8)/4 - -5). Let v be m + (-4)/(16/(-12)). Let n(y) = y**2 - y + 1. Let z(t) = v*r(t) + 2*n(t). What is z(5)?
-6
Let g(u) = -u**3 - u**2 - 2*u + 4. Let o be g(1). Let n(y) = -y**3 + y + 5. Give n(o).
5
Let q(u) = 13*u + 1. Let d(g) = 12*g - 63. Let j be d(10). Let w = j + -58. Give q(w).
-12
Let g(a) be the first derivative of 7*a**2/2 - 3*a - 11. Let y(n) = -3*n + 1. Let l(d) = 4*g(d) + 9*y(d). Determine l(7).
4
Let m(z) = 2 + 5*z + z**2 - 21*z**2 + 21*z**2. What is m(-2)?
-4
Let a(k) = -k**2 - k. Let s be (-2)/(-8) + (-28)/(-16). Suppose -s*t + 6*t = 3*c + 8, -3*t + 6 = 2*c. Calculate a(c).
0
Suppose 9*c - 4*c + 4*g = 82, -2*c + 4*g + 16 = 0. Let l(z) = -16*z**2 - c*z**2 + 7*z + 5 + 51*z**2 - 20*z**2. Give l(-4).
-7
Suppose -a + 0*g - 15 = 2*g, 4*g = 3*a + 5. Let l(u) be the third derivative of -u**4/24 - 13*u**3/6 - 2*u**2. Calculate l(a).
-6
Let x(d) be the third derivative of -d**5/60 + 23*d**4/24 - 2*d**3 + 34*d**2. Let n be x(22). Let j(q) = -q + 9. Give j(n).
-1
Suppose 15 = -2*z - 5*d - 3, -3*z - 2*d - 5 = 0. Let y(n) = n + 20 + n - 20 + 20*n**2. Let t(g) = 30*g**2 + 3*g. Let o(k) = 5*t(k) - 8*y(k). Calculate o(z).
-11
Suppose 0 = 17*o + 12 - 29. Let c(b) = b - 2. Determine c(o).
-1
Let k be 4/10*(-2 - -12). Let r(f) be the second derivative of -f**5/20 + f**4/4 + 5*f**3/6 + f**2 - 604*f. Give r(k).
6
Let i(p) be the first derivative of -p**3/3 - 17*p**2/2 - 17*p + 60. Give i(-16).
-1
Let x(g) = 297*g**3 - 2*g**2 + 2. Let l be x(1). Let d(m) = 0 + 157*m**3 - l*m**3 + 1 - 2*m**2 + 152*m**3. Determine d(-1).
-13
Let n(g) = 2*g - 13. Suppose -3*r + 8*r = 15, 5*c - 2*r = 64. What is n(c)?
15
Let r(v) = 3 + 4 + 49*v - 46*v - 7 - 8. Calculate r(-9).
-35
Let a(d) = -d**2 + 6*d - 5. Let f = 12 + -10. Let q be (-8)/3*(-3)/f. Determine a(q).
3
Let d be (1 - 2)/(((-21)/(-3))/(-35)). Let y(n) = -n**3 + 4*n**2 + 6*n + 3. Let i(g) = g**3 - 4*g**2 - 5*g - 3. Let f(v) = 3*i(v) + 2*y(v). Determine f(d).
7
Suppose 4*n + 36 = -4*c, 3*n + 19 = 2*c + 7. Let f = 194 + -183. Let p(j) = f*j + 20*j - 10 - 32*j. Determine p(n).
-4
Let y(s) = 3*s - 5. Let j(l) = -l**3 - 11*l**2 + 11*l - 10. Let n be j(-12). Suppose -n*q + 3 = 2*c - 3, 0 = 